-8 + -25 - ((-9 - -2) + 3)?
-13
What is the value of 9 + 1 + (-76 - -9) + 39?
-18
Calculate -4 - (-3 + 0 + 2 + (-5 - -9)).
-7
What is -4 - 1 - ((-59 - 1) + 39)?
16
Calculate 10 - (17 - 17 - 5 - 10).
25
What is the value of 22 + (-6 + (8 + -2 - 0) - 5)?
17
What is (13 - 36) + 20 + 8 + 0 + 1?
6
-12 - 0 - (-30 + (5 - -13))
0
Evaluate -6 + (-1 - (-6 - (5 + -6))) - 6.
-8
What is the value of (-6 - -5) + 6 - (-4 + 11 - 2)?
0
What is (-31 - -24) + -2 + -10 + -3?
-22
Evaluate -9 - (3 + 5 - 20) - (2 - -3).
-2
What is the value of -7 + 7 + -4 + (5 + 1 - 0)?
2
Calculate 21 + 8 + -14 + -3 + -4.
8
What is the value of 8 + 12 + -3 - (-5 + 5)?
17
17 + -10 + -1 + -3 + (0 - -1)
4
Evaluate 5 - ((2 - 9) + 3) - 18.
-9
(-9 - (31 + -13)) + 19
-8
(4 - (-28 + 17)) + -18 + 8
5
What is the value of 2 - (-3 - (-4 + (-3 - -6) + 6))?
10
(-2 - 10 - (0 + -2)) + -9 + 13
-6
What is -26 + (19 - (35 + -54))?
12
Evaluate -2 + (-138 - -124 - (-11 - 1)).
-4
What is the value of -26 + 55 - (-10 + 4)?
35
-12 + 20 + 1 + -1 - (0 + 10)
-2
Evaluate -11 + 1 + 52 + -52.
-10
Calculate 13 + 12 - (3 - -3) - -13.
32
-25 + 55 + -4 + -15 + 1 + 3
15
Calculate -2 - (10 + -8) - (-8 + -2 - 2).
8
(-7 - -2) + 8 - (3 - -4)
-4
Calculate 4 + 6 + -10 + -2 + 8.
6
Calculate (4 - 5) + -19 + 2 + (11 - 9).
-16
What is -3 - (-27 + (-6 - -7))?
23
Calculate -24 + (12 - -11) + -1 + 6 + 2.
6
Calculate 11 - (27 - -25 - 26).
-15
Calculate 0 - (21 - (3 - (5 + -10))).
-13
Evaluate 4 + -24 + -13 - (2 + 0 - 11).
-24
5 + -19 + 12 + 2
0
Calculate -21 - (-5 + 11 + -5 - 2).
-20
-2 - (-3 - (12 + -16)) - (-30 + -3)
30
Evaluate 4 - (-1 - 6) - 2 - 0.
9
What is the value of 2 - (1 - (-12 - -24))?
13
Evaluate (12 - 5) + 20 - 23.
4
(-25 - -39 - -7) + -40
-19
-14 + -7 - -8 - -27
14
Calculate -24 - (-16 - -2) - -4 - -32.
26
What is (-3 - (-12 + 7 - -7)) + (-5 - 1)?
-11
Calculate -1 + 14 + -22 + 9 - (-8 - -2).
6
6 - (27 - (34 - 34))
-21
Evaluate 8 - 7 - (1 + -1 - -1).
0
Evaluate -1 + -1 + 1 + (-347 - -356).
8
(16 + -66 - -29) + 40
19
6 + -4 - 1 - (133 - 155)
23
Calculate 29 - -36 - 71 - (-1 - 10).
5
What is the value of 3 - 22 - (-9 + -8)?
-2
-10 + 2 - -14 - 9
-3
29 + -51 + 25 + (1 - 5)
-1
-8 + -22 + -10 + (23 - 4) - -5
-16
Evaluate (9 - 19) + 39 - (7 - (3 + 0)).
25
What is -8 + 28 + (6 - 20 - -6)?
12
9 + -65 + 27 - 2
-31
7 + (-1 - (4 + -4)) + -33 + 12
-15
-9 - -11 - (0 + 5 + -3)
0
What is -11 + 2 + 1 + (5 - 5) + 17?
9
Evaluate -785 - -818 - (2 + -3 + 14).
20
Evaluate -7 + (1 + -8 - (-29 + -3)).
18
Evaluate (-1 - 16) + (-52 - (20 + -61)).
-28
Calculate 0 + 9 + 0 + 4 + -1 + -2.
10
What is -38 - ((9 - -23) + -67)?
-3
255 + -259 + (-1 - -17) - (2 + 21)
-11
Calculate -26 - -6 - -17 - ((1 - 0) + 10).
-14
Calculate 12 - (-12 - -5 - -22).
-3
What is the value of 6 + (-41 + 26 + -9 - (-1 - -7))?
-24
What is the value of 30 - 1 - (-94 - -105)?
18
Calculate -14 - -6 - (3 - 5 - 4).
-2
Calculate -8 + (17 - 10) + 3 + -15.
-13
What is the value of 6 - (0 + -2 - (-5 - 0 - 11))?
-8
Calculate 56 - (21 + 23) - (33 - 0).
-21
What is the value of -26 + (-9 - -31) + -1 + 8?
3
What is the value of 10 + 7 + -8 + (-3 - 5)?
1
1 - -14 - (4 - 2 - 1)
14
Evaluate (3 - -2) + (8 + -15 - -12).
10
Calculate (-33 + 21 - -31) + -16.
3
(-12 - -24 - 12) + 11
11
Calculate -5 + (-15 - -27) + 7.
14
Evaluate -9 + -11 + 2 + (-12 - -23).
-7
What is the value of 27 + (-43 - -18) + -29?
-27
What is the value of 2 + -9 - -5 - (21 - 12)?
-11
Evaluate 10 - (23 + -1) - (7 - -1).
-20
What is -1 - (0 - 31 - (6 + 19 + -20))?
35
What is the value of 38 - -56 - 62 - (9 - (0 - 0))?
23
What is (-8 + 14 - 10) + (-2 - -7)?
1
What is 4 - (8 - ((1 + 0 - -2) + -3))?
-4
Calculate 11 - (41 - 27) - 15.
-18
Evaluate (-6 - -9) + 2 + -17 - -6.
-6
What is -2 - (5 - (6 + 1) - (-11 + 3))?
-8
8 - (-8 + 12 + -3) - 10
-3
Evaluate -90 + 87 + 44 + -6.
35
Evaluate 7 - 11 - 3 - (2 - 16).
7
What is 10 - (4 + 10 - 0)?
-4
Calculate -4 - (-8 + 1 + -14 + -13 - 2).
32
What is the value of (1 - (-2 + (0 - -5))) + (3 - -1)?
2
What is 6 + (-20 - -3) + 26 - (-1 + -5)?
21
Calculate -1 + -5 + -21 + 6 + -4 - -4.
-21
What is the value of 7 - -2 - (5 + -3 - -8)?
-1
Calculate 10 + 17 + -4 + 5 + 3 + 7.
38
32 + (-13 - -16 - (20 + -13))
28
What is 14 + -7 + -8 + 3 + 5?
7
(15 + 13 + -8 - 9) + -16 + -5
-10
Evaluate 22 - 12 - (-1 + 4).
7
4 - (26 - (-3 - 0)) - -14
-11
What is 4 + (10 + -2 - 9) + (0 - -1)?
4
Evaluate -37 + (-11 - (25 + -51)).
-22
Evaluate 1 + 9 + (142 - 154).
-2
What is (11 - (19 + -6)) + 4?
2
Calculate -46 + 27 - (-24 - 21).
26
Evaluate 6 + (11 - 1) + -7.
9
What is (3 - 0) + (22 - (0 + 15))?
10
5 + 12 + -20 + 4
1
What is the value of 8 + -1 + -8 + (9 - -2) + -30?
-20
What is 7 + (49 - 22) - 16?
18
-4 + 16 + -25 + 22
9
What is the value of -887 + 890 - (1 + 13 - 1)?
-10
What is (-73 - -84) + (0 + -37 - -2)?
-24
What is -10 - (-20 - (-22 + -3) - (1 - -30))?
16
-27 - 1 - (-2 + (1 - (17 + -7)))
-17
Evaluate -9 + 2 + -21 + 29 + 15.
16
What is the value of -1 + 2 + -7 + -1?
-7
Calculate -55 + -5 + -6 + 37.
-29
What is the value of (-5 - (27 - 16)) + 7?
-9
(-24 - 11 - -34) + (0 - -1) + -3
-3
-15 + (7 - (2 + -13 + 21))
-18
What is 31 - 28 - (-9 + -1)?
13
Evaluate (164 - 195) + (-5 - 1) - (-2 + -8).
-27
Evaluate -23 - (-38 - -27 - 3) - (-4 + 1).
-6
What is (55 - 25) + -36 + (0 - (-1 + 2))?
-7
What is the value of (4 - 0) + 44 + -50 - (3 - -1)?
-6
Calculate -17 - (-10 + -3 + 2).
-6
Calculate 2 + -3 - (103 - 92).
-12
Evaluate 17 + -26 - (-3 + 1) - (3 + 3).
-13
What is the value of 4 + 17 + (41 - 64)?
-2
What is the value of 6 + (5 - (0 - 1) - (-292 - -298))?
6
What is -32 - (-1 - (19 - -11))?
-1
What is the value of -8 - ((1 - 11) + 8)?
-6
(0 - 6) + -5 - (-47 - -55)
-19
Calculate (-15 - -16) + (1 - -3 - 1).
4
-3 - (8 - (4 - 1))
-8
Evaluate 217 - 184 - (20 - 3 - 3).
19
17 - (-28 - -23 - -27)
-5
(5 - -1) + -15 - (-1 + -19)
11
What is the value of (14 - 5 - 12) + -1?
-4
Evaluate (0 - (-11 - -1)) + -11.
-1
What is the value of 11 - (3 - (10 + -7 + 1))?
12
Evaluate -23 + (37 - 48) - -40.
6
What is 8 + -3 - (-7 + -6 + 14)?
4
6 - 10 - -24 - (12 + -5 + -9)
22
(-45 - -6) + 39 + -21 + -1
-22
Evaluate 11 + (-2 + 14 - 12) + -2.
9
Calculate -11 + (-7 - -13) - -2.
-3
Calculate -235 - -226 - (-28 + -1 + 2) - 2.
16
What is the value of (19 - (4 - -8)) + -5 + (-19 - -2)?
-15
What is the value of 14 + 0 - 20 - (3 + 0 - 13)?
4
Evaluate -10 - (12 - (23 - 9)).
-8
What is (4 - (-13 - (-14 - 4))) + -9?
-10
What is the value of 44 + -36 - (0 - -10 - -1)?
-3
7 + (-1 - (-2 + 30) - -5)
-17
(3 - 0) + -2 - (15 - 8)
-6
4 - 8 - (29 - 24)
-9
What is 10 + 2 + -152 + 147?
7
Calculate -1 + (-9 - -1 - (-18 + 30)).
-21
What is the value of -32 - (-12 - 10 - -2)?
-12
Calculate 55 - (-12 - -61 - 12).
18
What is the value of 9 - ((-11 + 1 - -2) + 41 + -40)?
16
What is the value of 1 + 1 - (286 - 305)?
21
What is 7 + 0 + -46 + 35?
-4
What is 1 - -12 - (1 + 1)?
11
What is the value of (-30 - (-2 - 23)) + (4 - 1)?
-2
What is 1 + (8 - 4) + (-2 - 2) + 18?
19
What is the value of -8 + (-7 - -12) + -14 - 0?
-17
-21 - (12 - 3 - 14)
-16
Calculate 6 + (-13 - (-6 - (-5 - -27))).
21
-2 - 40 - (55 + -80)
-17
Evaluate -2 + 1 + 30 + (24 - (33 - 0)).
20
30 + -37 + 2 + 10
5
What is (64 - 2 - 30) + (-17 - -2)?
17
Calculate 6 - ((17 - 5 - 0) + -12).
6
Calculate (35 - (8 - -2)) + -10 + (0 - 7).
8
Calculate 3 + -2 - (61 + -62) - (-4 + 3).
3
What is -5 + -16 + (10 - (5 + -2))?
-14
Evaluate 2 - (1 + (3 - (-1 - (2 - 7)))).
2
Evaluate (-3 - 5) + (1 - 8) - (2 - 0).
-17
Evaluate (2 - (-2 + (-5 - -10))) + 5.
4
What is the value of -2 - (-16 - -10 - 1 - -11)?
-6
-5 - (5 + (5 - (-1 + 0 + 5)))
-11
Evaluate 20 + -3 + (-11 - ((7 - 8) + -4)).
11
What is -12 - -7 - (-8 + 23 + -4 - 5)?
-11
Evaluate -20 + 10 + 33 + -2.
21
What is 5 + (3 - 8) + (-166 - -167)?
1
Evaluate 13 + 21 + -13 + -10 + -9.
2
Evaluate -8 + 18 + 4 - 29.
-15
5 - (41 - -1 - 13)
-24
What is the value of -19 - (-140 + 134 - (3 - (-4 + 18)))?
-24
-5 + (-11 - -7) + 16
7
Evaluate (-1 - (15 - 4)) + 9.
-3
Evaluate 5 + 21 + -6 + -29.
-9
Calculate -12 + (-6 - (5 - (-3 + 8))).
-18
What is (36 - 52) + 4 + -3 + 5?
-10
What is the value of -51 + -6 + 25 - -56?
24
What is the value of -42 + 17 - -14 - (7 + -31)?
13
What is the value of (8 - (-7 - -9)) + 0 + -10 + 4?
0
Calculate (-2 - -3 - (10 + -8)) + 6 - -10.
15
Calculate -5 - (5 + 6 - 14).
